= 0. Calculate the highest common factor of 2 and q.
1
Let c be (-5 - 2/(20/(-42)))*-50. Let y = -30 + 19. Let t = 5 - y. Calculate the highest common divisor of t and c.
8
Suppose 4*j + 11 = -3*r - 1, 0 = -5*j + 4*r + 16. Suppose 5*z - 62 - 13 = j. Calculate the highest common factor of 6 and z.
3
Let i = 329 - 502. Let n = i + 325. What is the greatest common factor of n and 19?
19
Let v = 5 + -3. Let k(c) = 12*c**2 - c + 1. Let l be k(1). Let t = l - 6. What is the greatest common factor of t and v?
2
Suppose 2*a - 31 = a. What is the highest common factor of a and 341?
31
Suppose -3*n + 24 + 23 = -2*t, -5*t - 5 = 0. Suppose -8 = -4*x + 2*u, 4*u - 14 = -4*x + 3*u. What is the highest common divisor of x and n?
3
Let w(g) = -g**2 - 12*g - 10. Let i be w(-8). Calculate the highest common factor of i and 33.
11
Let b(z) = -z**2 + z - 1. Let o(i) = 5*i**2 - 10*i - 9. Let k(n) = -4*b(n) - o(n). Let j be k(7). What is the greatest common factor of j and 30?
6
Let z be 4*-3*20/(-8). Calculate the greatest common divisor of 20 and z.
10
Let o(h) = 13*h**2 + 3*h. Let g be o(-3). Calculate the highest common factor of g and 12.
12
Let z = 27 - -6. Suppose -k = -4*i + 281, -2*i - k + z = -106. Let n = -26 + 36. What is the highest common divisor of i and n?
10
Suppose j = 110 - 31. Let c be 1 + -4 + 1 + j. Suppose 11 = p - 3*m, 0*m - 11 = -p + 5*m. What is the highest common divisor of c and p?
11
Let p(c) = c + 6. Let j be p(-6). Suppose -7*z + 4*z + 12 = j. Let m be 4 + z*(-2)/(-4). Calculate the greatest common divisor of m and 2.
2
Let j(x) = -x**2 - 10*x - 3. Let h be j(-10). Let d be (0 + 1 + h)*-1. What is the highest common factor of 8 and d?
2
Let v = 88 + -16. Suppose 3*z = -0*z + v. What is the highest common divisor of z and 3?
3
Suppose 3*m - 4*w = 160, -3*w + 2*w + 65 = m. Suppose o - 25 + 1 = 0. What is the greatest common divisor of m and o?
12
Suppose 8*z - 5*z - 3 = 0. Let r be (z + -3)*1 - -119. What is the greatest common divisor of 13 and r?
13
Let d(z) = -z**2 - 7. Let q be d(0). Let j = -4 - -29. Let x = j + q. Calculate the highest common divisor of 45 and x.
9
Suppose 5*o + 2*s - 67 = 0, 0*o + 2*o = 2*s + 38. Calculate the highest common factor of 45 and o.
15
Suppose 220 = 4*d + d. Let n be (-112)/(-1) - (6 - 4). What is the highest common divisor of d and n?
22
Let t(g) = g**2 - 6*g + 3. Let l be t(7). Let h be (-1 - 0)/(1/(-15)). What is the greatest common factor of h and l?
5
Let p be (-16)/3*12/(-8). What is the greatest common factor of 4 and p?
4
Let o = -74 + 128. Calculate the greatest common divisor of 81 and o.
27
Let w = -18 - -33. Let z(l) = 3*l - 3. Let a be z(2). Calculate the greatest common factor of w and a.
3
Suppose 36 = 3*h - 0. Let u = -24 + 32. What is the greatest common factor of u and h?
4
Let t be 5 + 4 + -7 - -8. Let w = -78 + 158. What is the highest common divisor of w and t?
10
Suppose -7 - 3 = -5*s. Suppose -m - 5 = 0, -25 = -3*f - s*f + m. Suppose -2*v - 44 = -3*v. What is the highest common factor of f and v?
4
Suppose g + 956 = 5*g. Suppose 0 = 3*s - m - 4*m - g, 4*s + m = 357. Let l = 22 - 14. Calculate the highest common factor of l and s.
8
Suppose -3*s - 4*v + 47 = 0, 2*s + 2*s - v = 31. Let n be 6/(-5)*(-20)/6. Suppose -n*x - 48 = -372. Calculate the greatest common factor of x and s.
9
Let a(g) = 3*g**2 - 5*g - 1. Let p be ((-8)/(-2))/(0 + 1). Let b be a(p). Suppose 0 = 10*j - 2*j - 72. What is the highest common divisor of j and b?
9
Let d(y) = -y**3 - 5*y**2 + 4*y - 8. Let i be d(-6). Let f(j) = 4*j + 4 - i + 2*j. Let r be f(1). Calculate the highest common divisor of 30 and r.
6
Let u = -4 + 4. Suppose u = -0*c + 3*c - 57. Suppose c = -2*d + 53. What is the highest common divisor of 85 and d?
17
Suppose -3 = -z - 0. Suppose z - 7 = -t. Suppose 0 = -0*u - t*u + 56. Calculate the greatest common factor of 14 and u.
14
Suppose -3*j - a + 7 + 6 = 0, -5*j = -4*a - 16. What is the greatest common divisor of j and 44?
4
Suppose -3*t - 176 = -4*t. Suppose -5*m = 4*x - 110, -2*m + 44 = 2*x + x. What is the highest common factor of t and m?
22
Suppose -3*t - 4*b = -26, 0*t - 3*b = -5*t + 24. Calculate the greatest common factor of 15 and t.
3
Suppose r - 2 = 2. Suppose 0*z - z + 45 = 3*p, 4*p - 44 = r*z. What is the greatest common divisor of 98 and p?
14
Let h be 2/8 + 11/4. Suppose h*j = j + 16. Let a be (3/6)/(2/j). What is the greatest common divisor of a and 16?
2
Suppose -53 - 187 = -4*a. Calculate the greatest common divisor of a and 40.
20
Let t(g) = g**3 - 4*g**2 - 4*g - 8. Let v(w) = w**2 + 1. Let n(z) = t(z) - 3*v(z). Let f be n(8). What is the highest common factor of 14 and f?
7
Let h = -155 - -221. Calculate the greatest common divisor of h and 44.
22
Suppose -2*u + 43 = -5*o, 4*o + 37 = 2*u - 3*u. Let y be ((-16)/6)/(o/162). Calculate the highest common divisor of y and 12.
12
Suppose -8*m = 104 - 728. Let h be 108/(0 - -2) + -2. Calculate the greatest common factor of h and m.
26
Let p(h) = h**3 - 8*h**2 + 9*h. Let g be p(7). Let j = -10 + g. Let q = -9 + 10. What is the greatest common factor of j and q?
1
Let q(t) = -19*t**3 + 1. Let h be q(-1). What is the highest common factor of h and 50?
10
Let u be (-50)/6 - 2/(-6). Let h be 23 + 2 - u/(-2). What is the highest common divisor of 7 and h?
7
Let a(b) = 2*b**2 - 5*b + 5. Let m be a(5). What is the highest common factor of 210 and m?
30
Suppose -30*h + 168 = -23*h. What is the highest common factor of 60 and h?
12
Let l be (7 - 10)*55/(-3). What is the highest common factor of 11 and l?
11
Let a be (10 + 0)*4/(-5). Let x(r) = r**3 + 9*r**2 + 8*r + 6. Let j be x(a). Let l = -115 - -181. What is the greatest common factor of j and l?
6
Let h = 49 - 48. Calculate the greatest common divisor of 5 and h.
1
Let t(k) = -2*k**3 + 11*k**2 - 4*k - 3. Let q be t(5). What is the greatest common divisor of 7 and q?
1
Suppose 5*j = 6 + 64. Calculate the highest common factor of j and 98.
14
Suppose -8 = -2*t - 0. Suppose -3*m = -8 - 1, -5*g + 2*m + 154 = 0. Calculate the highest common divisor of g and t.
4
Suppose 0 = 6*x - x - 25. Suppose -25 = x*b, 28 = m - 3*b + 7*b. Calculate the greatest common factor of 12 and m.
12
Suppose -u + 28 = -0*u. Let f = 12 + 2. Calculate the highest common factor of f and u.
14
Suppose -2 = 2*s, -3*c - c + s + 897 = 0. What is the greatest common divisor of c and 32?
32
Suppose 2*p - 50 = -4*t, -4*t + 4*p = -59 - 21. What is the greatest common factor of 15 and t?
15
Suppose 5*b + 15 = 3*p + 2*b, 5*p = 2*b + 10. Let n = 24 - p. Calculate the greatest common divisor of n and 144.
24
Let h(q) = -q**3 - q**2 + 2*q + 2. Let b be h(-4). Calculate the highest common divisor of b and 7.
7
Let w(j) = 19*j - 6. Let z be w(4). Let h = 20 - 6. Calculate the greatest common divisor of h and z.
14
Let j = 54 - 35. Let h(l) = -47*l + 2. Let u be h(-4). Calculate the greatest common divisor of u and j.
19
Suppose -202 = -3*v - u, 0 = -4*u + 5 - 13. What is the greatest common factor of 17 and v?
17
Let n = -13 - -26. Suppose n = y + 1. Let r = 167 + -119. What is the greatest common factor of y and r?
12
Suppose 3*k - 10 = -7. Suppose 5*v - 5*p = 2*v + 50, k = -p. Suppose -h + 92 = 2*l - 17, l - 2 = 0. Calculate the highest common factor of v and h.
15
Let w(v) = -2*v**2 + v - 2 + 5*v**2 - v**2. Let x be w(-2). Suppose -x*y + 4 = -16. What is the highest common divisor of y and 2?
1
Let a be (0 - 1) + (-2 - -5). Suppose 0 = -a*r + 4*d - 8, 12 = -3*r - d - d. Let s(g) = -4*g - 6. Let m be s(r). What is the greatest common factor of 20 and m?
10
Let n(a) = 6*a**2 + a. Let f be n(-2). Let g(o) = -o**3 - 4*o**2 + 6*o - 3. Let k be g(-6). What is the highest common divisor of k and f?
11
Let d be -6*3/6 + 3. Suppose 2*l + l = d. Let b(o) = -o**3 + 32. Let v be b(l). Calculate the highest common factor of v and 16.
16
Suppose -4*g + 1166 = 2*r, g + 2*g = -3*r + 1764. Suppose -3*a - r = -5*s, 5*a = -4*s + s + 383. What is the highest common factor of s and 11?
11
Let o be (-4128)/168 - (-1 + (-6)/(-14)). Let m be (21/(-6))/((-2)/(-20)). Let t = o - m. Calculate the greatest common divisor of 33 and t.
11
Suppose -4*g = -2*g - 28. Calculate the greatest common factor of g and 126.
14
Let i be 7 - 7 - 3*1. Let x be i/(3/1